 = 7*x**2 - 98*x + 252. Let n(s) = -s**2 + 17*s - 42. Let c(r) = -2*m(r) - 13*n(r). Determine c(-27).
-12
Let b(o) = 2*o**2 - o. Let u(r) = 5*r**2 - 7*r + 3. Let h(g) = 2*b(g) - u(g). Suppose -n + 2*n - 24 = 0. Let q = n + -22. Calculate h(q).
3
Let t(g) = g**3 + 13*g**2 - 14*g + 5. Let j be t(-14). Let d(r) = -11*r + j + 8*r - 2. Give d(3).
-6
Suppose -20 = 4*q, 2*p = -q - 18 - 3. Let f(b) = b + 15. Let r(x) = 2*x**2 - 15*x + 6. Let a be r(7). Let i(o) = -1. Let d(n) = a*f(n) - 5*i(n). Calculate d(p).
-2
Let p(x) = 6*x. Let k(r) = 16*r + 49. Suppose 0 = m + 19*m + 60. Let z be k(m). What is p(z)?
6
Let f(d) = -2*d**3 - d**2 - 51. Suppose 12*w + 15*w = 6*w. What is f(w)?
-51
Let t(i) = -i**3 + 19*i**2 - 46*i - 39. Let j(b) = -48*b + 5344. Let v be j(111). Give t(v).
-7
Let g(q) = -6*q**2 - 63*q. Let j(v) = 3*v**2 + 26*v + 1. Let p(l) = -3*g(l) - 7*j(l). Determine p(1).
-3
Let c be (-40)/6*((-760)/50 + 14). Let r(x) = -7*x**2 + 54*x + 1. Determine r(c).
-15
Let i(f) = -f**2 - f - 2. Let l(c) = -2*c**2 - c - 4. Let w be (8 - (-20)/(-4))*1. Let q(n) = w*l(n) - 7*i(n). Let t = -9 + 6. What is q(t)?
-1
Let c(r) = -r**3 + 3*r**2 - 2*r + 1. Let u(g) = g**2 + 16*g + 30. Let a be u(-15). Suppose -a*s + 3*s = -36. Let j be s + (0 - -2)/(1 - 2). Determine c(j).
1
Let c = 52 - 50. Suppose -5*d = -2*r - 24, -c*d + 2*r = -5*d + 24. Let p(v) = 5*v**2 - d*v + 2*v - 2*v**2 - 4 - 4*v**2. Give p(-6).
-16
Let k(c) = -3*c + 3*c + c**3 + 1966*c**2 - 82 - 3928*c**2 + 1963*c**2. Give k(0).
-82
Let k(r) be the first derivative of 1/3*r**3 + 136 - r + 1/2*r**2. Suppose -3*w - 17 = -2. Determine k(w).
19
Let p(w) = -w + 19. Suppose 0 = -5*z - 2*g - 2*g - 3283, 2*z + 5*g + 1303 = 0. Let q = z - -670. Calculate p(q).
8
Let z(g) = -g**3 - 4*g**2 + 2. Let d be ((-1)/2)/1 + 80/(-32). Let i be z(d). Let t(k) be the first derivative of -k**3/3 - 4*k**2 + k + 17. Give t(i).
8
Let b(c) be the first derivative of c**3/3 + 7*c**2 + 2*c + 323. What is b(-8)?
-46
Suppose 25 = 2*w + 5*j, -281*w + 25 = -278*w - 5*j. Let x(g) = 23*g - 223. Give x(w).
7
Let t(u) be the first derivative of -2*u + u**2 - 1/4*u**4 - u**3 - 63. Determine t(-4).
6
Let o(m) = m**2 - m + 1. Let y(l) = -5*l**2 + 6*l + 40. Let x(k) = -4*o(k) - y(k). Give x(8).
4
Let t(p) = -4*p**3 + 12*p**2 + 7*p - 5. Let d(o) = o**3 - o**2 - o. Let k(n) = 6*d(n) + t(n). What is k(-3)?
-8
Let i(c) = c**2 - 16*c + 10. Let t(p) = -p**2 + 17*p - 11. Let x(f) = 4*i(f) + 3*t(f). Determine x(10).
-23
Let x(w) be the second derivative of -w**5/20 - 5*w**4/4 + 8*w**3/3 - 9*w**2 + 5*w - 49. Determine x(-16).
-18
Let x be (14553/693)/(1*(-3)/16). Let k = 52 + 61. Let s = x + k. Let v(i) = 2*i - 1. Determine v(s).
1
Let k(a) = -a**3 + 3*a**2 - 1. Let g(h) = -496*h - 493. Let r be g(-1). Calculate k(r).
-1
Let q(t) = -t**2 - t - 6. Let m be 222/9 + (3 - 40/15). Suppose m = 2*r + 3*h - 8*h, 4*r = 2*h + 10. Determine q(r).
-6
Let h(q) = -q**2 - 6*q - 4. Let x be -2*6/(-2 - -5). Let v be h(x). Let l be (6/v)/((-16)/(-32)). Let p(u) = -2*u + 1. Calculate p(l).
-5
Let u = -42 + 44. Suppose -7*l + 6*l = -u. Let x(m) be the third derivative of -m**5/60 + m**4/24 - m**3/3 + 3*m**2 - 2*m. Determine x(l).
-4
Let d(h) = 4*h**2 - 65*h + 16. Suppose -3*g + 3 = 0, -36 = -2*l - 24*g + 20*g. Give d(l).
0
Let n(b) = -b**3 + 7*b**2 + 8*b + 2. Let k(d) = -9*d**3 - d**2 + 5*d + 4. Let f be k(-2). Let g = 76 + -130. Let c = g + f. Give n(c).
2
Let w(x) = -x**3 + 9*x**2 + 12*x - 6. Suppose 2*c + 2*q + 55 = 67, c = -3*q - 2. Give w(c).
14
Let b(g) = g. Suppose 14 = z + 10. Suppose p = -5*h + 5, -2*p + 0*p - z*h = -10. Suppose 5 = f + p. Calculate b(f).
0
Let b(p) = -p + 4 - 2 - 3 - 1. Let d(o) = -3*o**2 - 19*o - 45. Let n be d(-9). Let g = n - -120. Determine b(g).
-5
Suppose -3*n + 208*m - 209*m = -46, 0 = 2*n - 4*m - 26. Let i(s) = s + 1. Let z(w) = -3*w - 22. Let u(f) = 4*i(f) + z(f). Determine u(n).
-3
Let z(s) = -s**3 - 6*s**2 + 7*s - 2. Let d = 105 - 101. Suppose -y + 1 = d*q, 0*y + 2*y + 16 = q. Give z(y).
-2
Let c(z) = 9*z**2 - 6 - 3*z + 2*z**2 - z**2 - 9*z**2. Calculate c(3).
-6
Suppose -j = 5*x - 33, -7*j + 2*j - 3 = -3*x. Suppose -4*w - x = c, 3*w = -0*c - c - 3. Let i(f) = -f**3 + 7*f**2 - 5*f - 4. What is i(c)?
2
Suppose -9*x + 8*x + 2*o + 4 = 3*o, 0 = -o. Let s(u) = -u**3 + 6*u**2 + 2*u - 10. Give s(x).
30
Let a(s) = -7*s**3 - 14*s**2 - 14*s + 11. Let w(c) = 17*c**3 + 27*c**2 + 28*c - 22. Let d(r) = -5*a(r) - 2*w(r). Determine d(-15).
4
Let o(n) = n**3 + 2*n + 6. Let s = 4580 - 4584. Calculate o(s).
-66
Let w(k) = 7*k - 19. Let a be (18 - 20)*285/(-30). Calculate w(a).
114
Let b(v) = 445 + 447 + 446 + 11*v - 1331 - 49*v. Calculate b(-1).
45
Let c(j) = -13*j**2 + 912*j - 7. Let l(x) = -3*x**2 + 204*x - 2. Let a(y) = -2*c(y) + 9*l(y). Determine a(9).
23
Let j(r) = 26*r - 547. Let s(u) = 5*u - 91. Let k(y) = 6*j(y) - 34*s(y). What is k(-13)?
-6
Suppose 584*j = 222*j - 1086. Let h(s) = 2*s + 1. Let p(q) = -q. Let u(g) = h(g) + 3*p(g). Give u(j).
4
Let c(k) = 7*k**2 - 316*k + 81. Let r(h) = -h**2 + 48*h. Let q(f) = c(f) + 6*r(f). Calculate q(3).
6
Let o = -99 + 104. Let y(f) = 3 - 9 - o*f + 15 + 2. Let i(t) = -14*t + 32. Let m(g) = -4*i(g) + 11*y(g). Calculate m(5).
-2
Let m(z) be the second derivative of 3*z**4/4 - 5*z**3/6 - 2*z**2 - z. Let p be (1 + 1)/((-165)/((-6435)/(-78))). What is m(p)?
10
Suppose -5*l + 721 = 4*r, 6*r + 3 = 3*r. Let v(x) = x**2 + 76 + 2*x - l + 72. Calculate v(-4).
11
Let w(p) be the first derivative of -p**3/3 + 3*p**2 + 5*p - 2706. What is w(-2)?
-11
Let x be ((-12)/24*-2)/((-3)/(-99)). Let p(f) be the first derivative of 3/2*f**2 + 3*f - x. What is p(-2)?
-3
Suppose 5*z + 16 = -d, -d = -5*z - 46 + 32. Let b(m) = 39*m**2 + m + 2. What is b(d)?
40
Let v = 372 - 369. Let y(b) = b**2 - b**v - 4 + 3 + 0 + 2*b**3 - 3*b. Give y(-2).
1
Let f(h) = -h**2 + 4*h - 8. Let d be -19 + 0 + (5 - 6). Let z be 9/2 + (-30)/d. Determine f(z).
-20
Let v(n) be the third derivative of 0*n - 5/12*n**4 + 7/6*n**3 + 0 - 89*n**2 + 1/60*n**5. What is v(6)?
-17
Let b(k) = k**2 - 9*k - 4. Let d be (-1596)/(-140) - 4/10. Let h be (7 + -2 + -4)*d. Give b(h).
18
Let v(t) = 71*t**3 - 9*t**2 - 5*t + 2. Let x(d) = 32*d**3 - 4*d**2 - 2*d + 1. Let a(j) = 4*v(j) - 9*x(j). Determine a(-1).
5
Let f(a) be the first derivative of -a**4/4 - 14*a**3/3 - a**2 - 5*a - 3424. Calculate f(-14).
23
Suppose -139*b + 38 = -155*b - 42. Let m(k) = 5*k**2 + 19*k + 8. What is m(b)?
38
Let m(u) = -u**3 - 2*u**2 - 6. Let z(k) = -2*k**2 - 2*k - 1. Let q(p) = -m(p) + 2*z(p). What is q(3)?
1
Let p(s) be the first derivative of -1/2*s**2 - 86 + 7*s. Give p(-8).
15
Let j(z) = -3*z**2 + 8433 - 8440 - 4*z + 4*z**2. Determine j(8).
25
Let j = 287 - 287. Let h(t) = 10 + j*t + t + 15*t**2 - 7 - 2*t - 5. Determine h(-1).
14
Let t be (-6)/(-15) - (-87)/(-5). Let u = t + 18. Let f(h) = -757 - 4*h + 381 + 377. Calculate f(u).
-3
Let b(g) be the first derivative of -g**3/3 + 4*g**2 - 8*g - 1828. Give b(2).
4
Let r be 2*7*(-6)/21. Let u(j) = -69*j - 271. Give u(r).
5
Let u(v) = -15*v**2 - 14*v + 26. Let d(y) = -22*y**2 - 14*y + 23. Let f(z) = 2*d(z) - 3*u(z). Calculate f(-16).
0
Let x be 2*(-1)/2 - -3. Let q(m) = x*m + 6*m**2 - m**3 - 104 - 103 + 203. Determine q(6).
8
Let o = -3 + 5. Suppose -o*r = -0*r. Let s(n) = -3 - 24*n - 4 + 3*n + 18*n + 2*n. Calculate s(r).
-7
Let l(v) = -72 + 128 - 4*v - 23. Determine l(14).
-23
Suppose -2*z + 59 = 33. Let t(f) = -f**2 + 9*f + 54. Calculate t(z).
2
Let a(q) = -q**3 - 2*q**2 - q - 1. Suppose f + 5 = -j, -2*j + 2 = f - 5*f. Let y be a(j). Let d(k) = -y*k - 3 + 4 + 13*k + 2. Calculate d(3).
9
Let b(f) = -35*f - 17. Let t be b(-4). Let d(r) = t + 134 + 134 - 406 - r. Calculate d(-14).
-1
Let t(a) = a**3 + 3*a**2 - 3*a + 4. Let o = -6 - -6. Suppose -2*f = -o - 12. Suppose f*d + 4 = b + 2*d, 0 = -4*b - 2*d - 20. Calculate t(b).
0
Let i(t) = -122*t + 2. Let j be 5 - 8/3*129/86. What is i(j)?
-120
Let r(t) be the second derivative of t**4/12 + t**3/6 + 3*t**2/2 - 29726*t. Let i(v) = v + 3. Let w be i(-8). Calculate r(w).
23
Let i(m) be the third derivative of -m**6/120 + 3*m**5/20 + 23*m**4/24 - 11*m**3/6 - 1417*m**2. Calculate i(11).
0
Let g(o) = -5*o**2 - 18*o - 4 + o**2 + 5*o**2. Let m be ((-105)/20 + 5 + (-20)/48)*-27. What is g(m)?
-4
Let t(q) = -62*q**3 +